{"id":731,"date":"2014-11-24T12:39:44","date_gmt":"2014-11-24T11:39:44","guid":{"rendered":"https:\/\/artkinomreza.si\/wp25\/wp21\/wp21\/?page_id=731"},"modified":"2014-11-25T12:01:16","modified_gmt":"2014-11-25T11:01:16","slug":"brezplacna-filmska-vzgoja-v-slovenskih-kinematografih-v-solskem-letu-20142015","status":"publish","type":"page","link":"https:\/\/artkinomreza.si\/wp25\/brezplacna-filmska-vzgoja-v-slovenskih-kinematografih-v-solskem-letu-20142015\/","title":{"rendered":"Brezpla\u010dna filmska vzgoja v slovenskih kinematografih v \u0161olskem letu 2014\/2015"},"content":{"rendered":"<p><strong>Art kino mre\u017ea Slovenije (AKMS)<\/strong>\u00a0v \u0161olskem letu 2014\/2015 nadaljuje z izvajanjem filmske vzgoje v slovenskih kinematografih, tokrat s \u0161e ve\u010d sodelujo\u010dimi kinematografi \u2013 15, brezpla\u010dnih filmsko-vzgojnih aktivnosti pa je to leto kar 40. Z ozirom na na\u010din dela<strong>\u00a0<\/strong>in<strong>\u00a0<\/strong>starostne kategorije, ki obsegajo vse od starosti 3 leta do 18 let, smo pripravili tudi<a href=\"https:\/\/artkinomreza.si\/wp25\/wp-content\/uploads\/2014\/11\/Katalog-filmov-in-filmsko-vzgojnih-aktivnosti-2014-15_AKMS1.pdf\"><strong>\u00a0katalog filmskih vzgojno-izobra\u017eevalnih vsebin.<\/strong><\/a><strong>\u00a0<\/strong>Katalog s filmskimi predlogi ni povsem zavezujo\u010d, sproti se bodo pripravljale filmsko-vzgojne aktivnosti tudi za novej\u0161e filme.<strong>\u00a0<\/strong><\/p>\n<p><strong><br \/>\n<a href=\"https:\/\/artkinomreza.si\/wp25\/wp-content\/uploads\/2014\/11\/Katalog-filmov-in-filmsko-vzgojnih-aktivnosti-2014-15_AKMS.pdf\"><img decoding=\"async\" src=\"https:\/\/artkinomreza.si\/wp25\/wp-content\/uploads\/2014\/11\/Clip_croptekst_350.png\" alt=\"\" \/><\/a><br \/>\n<\/strong><\/p>\n<p><strong>Medijska pismenost<\/strong>\u00a0v dana\u0161nji, z avdio-vizualnimi vsebinami pre\u017eeti dru\u017ebi,\u00a0<strong>postaja klju\u010dnega pomena.\u00a0<\/strong>Avdio-vizualne vsebine so velikokrat zakodirane v jezik, ki ga otroci in mladi v\u010dasih te\u017eko razumejo.<strong>\u00a0<\/strong>Zato jim \u017eelimo s strokovno pomo\u010djo mentorjev pomagati pri razbiranju njihovega dru\u017ebenega in umetni\u0161kega konteksta. Na\u0161 projekt je tako za\u010detek strate\u0161kega pristopa k sistematizirani uporabi <strong>filmske vzgoje<\/strong>.<\/p>\n<p>Na\u00a0<a href=\"http:\/\/www.film-center.si\/\"><strong>Slovenskem filmskem centru (SFC)<\/strong><\/a>\u00a0je AKMS junija 2013 prvi\u010d prejela sredstva za izvajanje projekta\u00a0<em>Filmska vzgoja v slovenskih kinematografih v \u0161olskem letu 2013\/2014<\/em>, letos projekt izvajamo \u017ee drugi\u010d. <strong>Namen projekta je \u010dim ve\u010d otrokom omogo\u010diti kvatiteten, kontinuiran in brezpla\u010den program filmske vzgoje.<\/strong><\/p>\n<p>Projekt bo strokovno izvedel\u00a0<strong>Zavod za uveljavljanje vizualne kulture Vizo<\/strong> (<a href=\"http:\/\/www.vizo.si\">www.vizo.si<\/a>) s svojimi filmski pedagogi.<\/p>\n<p>Pri izvedbi projekta dobro sodelujemo tudi s\u00a0<a href=\"http:\/\/www.kinodvor.org\/kinobalon\/\"><strong>Kinobalonom<\/strong><\/a>\u00a0(programom za otroke in mlade v Kinodvoru, Ljubljana), ki nam dovoljuje uporabo svojih pedago\u0161kih gradiv za star\u0161e in u\u010ditelje, napisanih prav posebej za izbrane filme.<\/p>\n<p>Projekt bo izveden v naslednjih 15 krajih (kontakt):<\/p>\n<ul>\n<li><span style=\"color: #0000ff;\"><strong>Slovenj Gradec<\/strong><\/span>: <strong>Kulturni dom Slovenj Gradec<\/strong><br \/>\nRoman Novak, <a href=\"mailto:kulturni.dom@siol.net\">kulturni.dom@siol.net<\/a><\/li>\n<li><span style=\"color: #0000ff;\"><strong>Velenje<\/strong><\/span>: <strong>Kino Velenje<\/strong><br \/>\nMilena Breznik, <a href=\"mailto:breznik.milena@gmail.com\">breznik.milena@gmail.com<\/a><\/li>\n<li><span style=\"color: #0000ff;\"><strong>Celje<\/strong><\/span>: <strong>Mestni kino Metropol<\/strong><br \/>\nSamo Seni\u010dar, <a href=\"mailto:info@kinometropol.org\">info@kinometropol.org<\/a><\/li>\n<li><span style=\"color: #0000ff;\"><strong>Roga\u0161ka<\/strong><\/span><strong> Slatina<\/strong>: <strong>Kino Roga\u0161ka<\/strong><br \/>\nTobija Medved, <a href=\"mailto:tobija.medved@amis.net\">tobija.medved@amis.net<\/a><\/li>\n<li><span style=\"color: #0000ff;\"><strong>Izola<\/strong><\/span>: <strong>Art kino Odeon<\/strong><br \/>\nPetra Bo\u017ei\u010d, <a href=\"mailto:petra@odeon.si\">petra@odeon.si<\/a><\/li>\n<li><strong>Trbovlje<\/strong>: <strong>Delavski dom Trbovlje<\/strong><br \/>\nAndrej Udu\u010d, <a href=\"mailto:kino.ddt@gmail.com\">kino.ddt@gmail.com<\/a><\/li>\n<li><span style=\"color: #0000ff;\"><strong>Zagorje<\/strong><\/span>: <strong>Delavski dom Zagorje<br \/>\n<\/strong>Jo\u017ee Ko\u0161ak, <a href=\"mailto:joze.kosak@kulturnidom-zagorje.si\">joze.kosak@kulturnidom-zagorje.si<\/a><\/li>\n<li><span style=\"color: #0000ff;\"><strong>Se\u017eana<\/strong><\/span>: <strong>Kosovelov dom Se\u017eana<\/strong><br \/>\nDavid Ter\u010don, <a href=\"mailto:david@kosovelovdom.si\">david@kosovelovdom.si<\/a><\/li>\n<li><span style=\"color: #0000ff;\"><strong>Nova<\/strong><strong> Gorica<\/strong><\/span>: <strong>Kulturni dom Nova Gorica<\/strong><br \/>\nMateja Polj\u0161ak Furlan, <a href=\"mailto:mestnagalerija@kulturnidom-ng.si\">mestnagalerija@kulturnidom-ng.si<\/a><\/li>\n<li><span style=\"color: #0000ff;\"><strong>Dobrepolje<\/strong><\/span><strong> \u2013 Velike La\u0161\u010de<\/strong>: <strong>Kino Dobrepolje<br \/>\n<\/strong>Tone Steklasa, <a href=\"mailto:tone.steklasa@siol.net\">tone.steklasa@siol.net<\/a><\/li>\n<li><span style=\"color: #0000ff;\"><strong>Vrhnika<\/strong><\/span><strong>: <\/strong> <strong>Kino Vrhnika<\/strong><br \/>\nGregor Jane\u017ei\u010d, <a href=\"mailto:kino.vrhnika@gmail.com\">kino.vrhnika@gmail.com<\/a><\/li>\n<li><span style=\"color: #0000ff;\"><strong>\u017diri<\/strong><\/span><strong>: <\/strong> <strong>Kino \u017diri<\/strong><br \/>\nEvgen Podobnik, <a href=\"mailto:evgen.podobnik@siol.net\">evgen.podobnik@siol.net<\/a><\/li>\n<li><span style=\"color: #0000ff;\"><strong>\u0160kofja<\/strong><\/span><strong><span style=\"color: #0000ff;\"> Loka<\/span>: Tea Oblak<\/strong><br \/>\nTea Oblak, <a href=\"mailto:tea.oblak@kinosora.si\">tea.oblak@kinosora.si<\/a><\/li>\n<li><span style=\"color: #0000ff;\"><strong>\u010crnomelj<\/strong><\/span><strong>:<\/strong> <strong>Kino \u010crnomelj<\/strong><br \/>\nMarija Miketi\u010d, <a href=\"mailto:marija.miketic@zik-crnomelj.si\">marija.miketic@zik-crnomelj.si<\/a><\/li>\n<li><span style=\"color: #0000ff;\"><strong>Maribor<\/strong><\/span><strong>:<\/strong> <strong>Kino Udarnik<\/strong><br \/>\nMaja Kova\u010di\u010d, <a href=\"mailto:maja.kovacic@udarnik.eu\">maja.kovacic@udarnik.eu<\/a><\/li>\n<\/ul>\n<p><strong>\u00a0<\/strong><\/p>\n<p><span style=\"color: #0000ff;\"><strong>Art kino mre\u017ea Slovenije<\/strong><\/span><strong><span style=\"color: #0000ff;\">:<\/span><br \/>\n<\/strong>Marija \u0160talekar, <a href=\"mailto:artkinomrezaslovenije@gmail.com\">artkinomrezaslovenije@gmail.com<\/a><\/p>\n<p><span style=\"color: #0000ff;\"><strong>Zavod za uveljavljanje vizualne kulture Vizo<\/strong><\/span> \u2013 izvajalec filmske vzgoje:<br \/>\nRok Govednik, <a href=\"mailto:rok.govednik@vizo.si\">rok.govednik@vizo.si<\/a><\/p>\n<p>&nbsp;<\/p>\n<p>Projekt torej izhaja iz potrebe po\u00a0<strong>razvijanju celovite medijske pismenosti<\/strong>, oziroma, mi smo osredoto\u010deni na\u00a0<strong>razvijanje odnosa do filmske kulture<\/strong>. Poleg ponudbe kakovostnega in raznovrstnega filmskega programa, bomo sku\u0161ali s filmsko vzgojo poudariti pomen filma za kriti\u010den premislek o na\u0161i dru\u017ebi, o svetu, v katerem \u017eivimo in nenazadnje tudi o nas samih. Filmska vzgoja bo temeljila na ogledu kakovostne filmske vsebine, na seznanjanju z raznolikimi filmskimi stvaritvami, spoznavanju kreativnega ustvarjanja filmskih del in kriti\u010dnem branju, ter posledi\u010dno razumevanju filma. S pedago\u0161kimi pogovori o(b) filmih, pogovori z gosti, delavnicami, multimedijskimi predavanji in okroglimi mizami bomo tako razvijali tudi artikulacijo otrok in mladih, kriti\u010dno mi\u0161ljenje in ustvarjalnost.<\/p>\n<p>&nbsp;<\/p>\n<p>Kot eden izmed pobudnikov Nacionalnega programa filmske vzgoje, se v AKMS dobro zavedamo pomena in nujnosti vklju\u010ditve filmskega opismenjevanja, tako v formalno kot neformalno izobra\u017eevanje. Zato smo se, tudi na podlagi pozitivne izku\u0161nje zelo uspe\u0161no izpeljanega pedago\u0161kega programa v okviru projekta\u00a0<strong><a href=\"http:\/\/2012.filmskiteden.eu\/\">Filmski teden Evrope 2012<\/a>\u00a0in\u00a0<a href=\"http:\/\/www.filmskiteden.eu\/\">2013<\/a> <\/strong>(katerega naro\u010dniki so bili<a href=\"http:\/\/ec.europa.eu\/index_sl.htm\"><strong>\u00a0Predstavni\u0161tvo Evropske komisije<\/strong><\/a>,\u00a0<a href=\"http:\/\/www.europarl.si\/view\/sl\/index.html\"><strong>Informacijska pisarna Evropskega parlamenta<\/strong><\/a>\u00a0in\u00a0<a href=\"http:\/\/www.ukom.gov.si\/\"><strong>Urad Vlade RS za komuniciranje<\/strong><\/a>, sodelovali pa smo tudi z <a href=\"http:\/\/www.mediadesk.si\/\"><strong>MEDIA Desk Slovenija<\/strong><\/a>)<em>,\u00a0<\/em>odlo\u010dili, da bomo mlademu ob\u010dinstvu filmsko vzgojo ponudili v \u010dim ve\u010d slovenskih kinematografih.<\/p>\n<p>&nbsp;<\/p>\n<p>Projekt Filmska vzgoja v slovenskih kinematografih v \u0161olskem letu 2014\/2015 sofinancira Slovenski filmski center.<\/p>\n","protected":false},"excerpt":{"rendered":"<p>Art kino mre\u017ea Slovenije (AKMS)\u00a0v \u0161olskem letu 2014\/2015 nadaljuje z izvajanjem filmske vzgoje v slovenskih kinematografih, tokrat s \u0161e ve\u010d sodelujo\u010dimi kinematografi \u2013 15, brezpla\u010dnih filmsko-vzgojnih aktivnosti pa je to leto kar 40. Z ozirom na na\u010din dela\u00a0in\u00a0starostne kategorije, ki obsegajo vse od starosti 3 leta do 18 let, smo pripravili tudi\u00a0katalog filmskih vzgojno-izobra\u017eevalnih vsebin.\u00a0Katalog [&hellip;]<\/p>\n","protected":false},"author":19,"featured_media":0,"parent":0,"menu_order":0,"comment_status":"open","ping_status":"open","template":"","meta":{"_themeisle_gutenberg_block_has_review":false,"footnotes":""},"class_list":["post-731","page","type-page","status-publish","hentry"],"_links":{"self":[{"href":"https:\/\/artkinomreza.si\/wp25\/wp-json\/wp\/v2\/pages\/731","targetHints":{"allow":["GET"]}}],"collection":[{"href":"https:\/\/artkinomreza.si\/wp25\/wp-json\/wp\/v2\/pages"}],"about":[{"href":"https:\/\/artkinomreza.si\/wp25\/wp-json\/wp\/v2\/types\/page"}],"author":[{"embeddable":true,"href":"https:\/\/artkinomreza.si\/wp25\/wp-json\/wp\/v2\/users\/19"}],"replies":[{"embeddable":true,"href":"https:\/\/artkinomreza.si\/wp25\/wp-json\/wp\/v2\/comments?post=731"}],"version-history":[{"count":8,"href":"https:\/\/artkinomreza.si\/wp25\/wp-json\/wp\/v2\/pages\/731\/revisions"}],"predecessor-version":[{"id":746,"href":"https:\/\/artkinomreza.si\/wp25\/wp-json\/wp\/v2\/pages\/731\/revisions\/746"}],"wp:attachment":[{"href":"https:\/\/artkinomreza.si\/wp25\/wp-json\/wp\/v2\/media?parent=731"}],"curies":[{"name":"wp","href":"https:\/\/api.w.org\/{rel}","templated":true}]}}